base 10
31137
110a (base 13) to base 5
34001
What is -1477 (base 12) in base 2?
-100101011011
Convert 3794 (base 14) to base 6.
113022
What is -bed (base 16) in base 6?
-22045
Convert -8163 (base 12) to base 13.
-6513
21210211 (base 3) to base 15
1a47
What is 12b (base 13) in base 15?
db
Convert 2355 (base 9) to base 4.
123113
Convert 2616 (base 9) to base 4.
132213
What is 2ae0 (base 15) in base 7?
35565
What is 11645 (base 7) in base 15?
d9b
What is -288 (base 10) in base 4?
-10200
bcb5 (base 14) to base 15
9a4a
Convert -1022214 (base 5) to base 2.
-100001100100000
Convert 18ab (base 13) to base 12.
2176
Convert -48213 (base 9) to base 8.
-76772
-763 (base 9) to base 14
-328
Convert -64477 (base 8) to base 2.
-110100100111111
What is -13462 (base 8) in base 9?
-8127
What is b6 (base 15) in base 7?
333
What is -363 (base 11) in base 7?
-1155
Convert -1020221 (base 3) to base 13.
-556
Convert d148 (base 14) to base 5.
2122212
16540 (base 7) to base 16
127c
What is -343 (base 5) in base 12?
-82
67ae (base 15) to base 16
55e5
-21023 (base 4) to base 13
-362
What is -b77 (base 13) in base 4?
-132211
What is 123203 (base 5) in base 6?
34123
-10223 (base 5) to base 9
-844
Convert -1b2 (base 14) to base 13.
-211
-1222000 (base 3) to base 5
-21211
168 (base 13) to base 2
11111111
Convert -145 (base 6) to base 2.
-1000001
What is -110202200 (base 3) in base 11?
-6aa0
-4aca (base 14) to base 4
-3030322
Convert -440 (base 7) to base 10.
-224
1011001 (base 6) to base 9
73061
-240141 (base 5) to base 16
-225c
13132 (base 7) to base 3
11210201
What is -204325 (base 6) in base 7?
-66140
-a20 (base 14) to base 15
-8c8
What is 10259 (base 10) in base 6?
115255
12011110 (base 3) to base 13
1938
12301 (base 4) to base 14
22d
What is -716 (base 8) in base 5?
-3322
What is b06 (base 14) in base 5?
32122
Convert -343 (base 12) to base 11.
-3aa
Convert -1101 (base 10) to base 2.
-10001001101
4821 (base 10) to base 13
226b
Convert 400442 (base 5) to base 14.
4858
What is -1011111010 (base 2) in base 12?
-536
-11101101011 (base 2) to base 3
-2121100
724 (base 8) to base 3
122100
What is 1b9 (base 15) in base 11?
333
445420 (base 6) to base 14
d964
Convert -4425 (base 7) to base 4.
-120303
Convert 2203302 (base 4) to base 10.
10482
-2111222 (base 3) to base 12
-108b
122433 (base 5) to base 14
1a2b
What is 9156 (base 12) in base 11?
1092a
1258 (base 11) to base 4
121210
421 (base 14) to base 12
579
What is 1112 (base 11) in base 2?
10110111001
What is 43143 (base 5) in base 6?
21311
Convert -610 (base 10) to base 6.
-2454
-1111 (base 5) to base 6
-420
Convert -120201 (base 4) to base 11.
-11a7
What is 7a3 (base 12) in base 15?
506
-1a (base 15) to base 16
-19
11416 (base 11) to base 4
10001121
Convert 135 (base 12) to base 2.
10111001
What is -357a (base 11) in base 4?
-1021031
Convert -302023 (base 5) to base 9.
-14188
What is -259 (base 16) in base 9?
-737
Convert 6270 (base 9) to base 12.
27b3
What is -10032001 (base 4) in base 12?
-a001
What is 212111 (base 3) in base 10?
634
Convert -11103 (base 5) to base 12.
-54a
Convert -440421 (base 5) to base 10.
-15111
527a (base 13) to base 16
2ca0
What is -241013 (base 5) in base 9?
-13160
82 (base 9) to base 3
2202
Convert 1300 (base 8) to base 3.
222002
Convert -529 (base 10) to base 15.
-254
What is 9414 (base 13) in base 11?
14416
Convert 3225 (base 6) to base 8.
1341
202202 (base 3) to base 14
2c0
Convert 3232 (base 8) to base 12.
b8a
Convert -1c0a (base 15) to base 9.
-8311
Convert -446 (base 9) to base 11.
-303
1100111001011 (base 2) to base 15
1e53
Convert 9a3 (base 13) to base 12.
b5a
What is -18b (base 14) in base 8?
-477
What is -35421 (base 6) in base 9?
-7024
200301 (base 4) to base 8
4061
What is 1313330 (base 5) in base 7?
136031
Convert 101111011 (base 2) to base 6.
1431
Convert -50645 (base 7) to base 4.
-3000230
What is -1000001000001 (base 2) in base 10?
-4161
What is -548 (base 15) in base 12?
-835
Convert 101010101100010 (base 2) to base 10.
21858
What is -10110000 (base 2) in base 5?
-1201
What is -83b (base 15) in base 2?
-11101000000
105040 (base 6) to base 4
2022300
Convert 10320 (base 7) to base 13.
1221
Convert 55162 (base 7) to base 14.
5069
-1396 (base 13) to base 10
-2827
What is -3d (base 14) in base 9?
-61
What is 16176 (base 9) in base 6?
123153
Convert -13130 (base 6) to base 11.
-1557
Convert -10200222 (base 3) to base 7.
-10604
What is 38b8 (base 14) in base 8?
23352
Convert 52325 (base 7) to base 14.
4985
Convert -33231 (base 4) to base 14.
-51b
30303 (base 5) to base 11
1516
Convert 670 (base 9) to base 15.
269
What is -43431 (base 9) in base 14?
-a6bd
Convert -3724 (base 10) to base 4.
-322030
10763 (base 12) to base 2
101010100111011
What is -3423 (base 6) in base 13?
-4a1
Convert 120020 (base 3) to base 11.
344
Convert 476 (base 10) to base 12.
338
a633 (base 15) to base 10
35148
Convert 3043 (base 10) to base 14.
1175
3006 (base 7) to base 13
618
Convert 11b (base 14) to base 11.
191
75 (base 13) to base 12
80
196 (base 14) to base 5
2303
What is -604 (base 12) in base 3?
-1012011
-3204 (base 13) to base 7
-26133
Convert -22a (base 14) to base 13.
-271
What is -3207 (base 13) in base 5?
-210221
What is 16430 (base 8) in base 3?
101012212
Convert 1cd7 (base 16) to base 6.
54103
What is -300453 (base 6) in base 16?
-5bd1
What is -1301312 (base 4) in base 3?
-100222212
93b (base 16) to base 7
6614
Convert -20002 (base 3) to base 7.
-323
Convert -215016 (base 7) to base 16.
-936f
d02 (base 15) to base 12
183b
Convert -710b (base 13) to base 3.
-210100021
Convert -114604 (base 8) to base 2.
-1001100110000100
Convert -11464 (base 7) to base 13.
-1489
Convert 402440 (base 5) to base 14.
4994
What is 2290 (base 10) in base 5?
33130
Convert -212101 (base 3) to base 9.
-771
Convert 27d1 (base 14) to base 4.
1232003
-28222 (base 10) to base 6
-334354
What is 18a2 (base 15) in base 6?
40355
What is -214 (base 15) in base 16?
-1d5
What is -26ee (base 15) in base 3?
-102102022
-1001110110110111 (base 2) to base 14
-109dd
What is 5593 (base 10) in base 5?
134333
-1440 (base 6) to base 3
-112020
Convert 3417 (base 16) to base 3.
200021220
What is -1124 (base 5) in base 12?
-118
What is 76a (base 13) in base 14?
66b
66be (base 16) to base 12
1327a
851 (base 13) to base 10
1418
Convert 208 (base 15) to base 5.
3313
Convert 8679 (base 10) to base 12.
5033
What is 131113 (base 4) in base 9?
2517
Convert -387 (base 14) to base 12.
-4ab
Convert -11002002 (base 3) to base 15.
-d32
Convert -93ba (base 13) to base 9.
-31023
-21311 (base 4) to base 6
-2525
20110220 (base 3) to base 8
11162
What is -4aa (base 14) in base 13?
-56b
Convert 1101001011010 (base 2) to base 5.
203441
-144 (base 10) to base 5
-1034
What is a539 (base 11) in base 14?
512d
What is -420421 (base 5) in base 10?
-13861
-44451 (base 9) to base 16
-735a
-1001011011110 (base 2) to base 9
-6556
What is -882 (base 15) in base 16?
-782
Convert 24a1 (base 12) to base 3.
12200211
1301300 (base 4) to base 16
1c70
Convert 14cac (base 13) to base 6.
502543
What is -4 (base 7) in base 15?
-4
Convert -794 (base 16) to base 12.
-1158
Convert 122221 (base 3) to base 6.
2124
452 (base 14) to base 15
3c1
What is 2142 (base 5) in base 13?
19b
Convert 1211010 (base 3) to base 16.
52e
What is -1106 (base 10) in base 15?
-4db
-1194 (base 11) to base 16
-613
Convert -22360 (base 7) to base 5.
-140202
7377 (base 8) to base 15
120e
What is 24001 (base 5) in base 14?
8d1
What is -120222 (base 3) in base 11?
-362
9950 (base 10) to base 12
5912
-2b1b8 (base 13) to base 5
-10102414
What is 121313 (base 5) in base 6?
33115
What is -22130 (base 4) in base 16?
-29c
What is -d6 (base 14) in base 8?
-274
Convert -2232031 (base 4) to base 12.
-6551
-1342 (base 5) to base 10
-222
What is 172 (base 12) in base 2?
11100110
Convert 311011 (base 4) to base 5.
102042
What is 4134 (base 11) in base 2?
1010101101010
What is 23303 (base 4) in base 7?
2126
What is 104774 (base 8) in base 10?
35324
What is -13312 (base 7) in base 2?
-111000000010
5361 (base 9) to base 10
3943
-1101011 (base 2) to base 4
-1223
What is -3101 (base 6) in base 2?
-1010101101
What is -2c47 (base 15) in base 3?
-111001111
Convert -7240 (base 14) to base 5.
-1112111
What is 3004 (base 9) in base 15?